{"id":24,"date":"2026-04-13T10:54:04","date_gmt":"2026-04-13T07:54:04","guid":{"rendered":"https:\/\/mahmutbilisim.com.tr\/?page_id=24"},"modified":"2026-04-13T11:43:32","modified_gmt":"2026-04-13T08:43:32","slug":"hakkimda","status":"publish","type":"page","link":"https:\/\/mahmutbilisim.com.tr\/?page_id=24","title":{"rendered":"Hakk\u0131mda"},"content":{"rendered":"<div class=\"wp-block-image\">\n<figure class=\"aligncenter size-full is-resized\"><img loading=\"lazy\" decoding=\"async\" width=\"481\" height=\"383\" src=\"https:\/\/mahmutbilisim.com.tr\/wp-content\/uploads\/2026\/04\/cvxcxvxcvxcxcvx.png\" alt=\"\" class=\"wp-image-80\" style=\"aspect-ratio:1.2559107244183847;width:448px;height:auto\" srcset=\"https:\/\/mahmutbilisim.com.tr\/wp-content\/uploads\/2026\/04\/cvxcxvxcvxcxcvx.png 481w, https:\/\/mahmutbilisim.com.tr\/wp-content\/uploads\/2026\/04\/cvxcxvxcvxcxcvx-300x239.png 300w\" sizes=\"auto, (max-width: 481px) 100vw, 481px\" \/><\/figure>\n<\/div>\n\n\n<div class=\"wp-block-columns is-layout-flex wp-container-core-columns-is-layout-9d6595d7 wp-block-columns-is-layout-flex\">\n<div class=\"wp-block-column has-cyan-bluish-gray-background-color has-background is-layout-flow wp-block-column-is-layout-flow\">\n<p>01.05.1990 tarihinde Trabzon ilinin \u015ealpazar\u0131 il\u00e7esinde do\u011fdum. \u0130lk ve orta\u00f6\u011frenimini \u015ealpazar\u0131 il\u00e7esi Tezderesi Mahallesi\u2019nde bulunan k\u00f6y okulunda; lise \u00f6\u011frenimimi \u015ealpazar\u0131 il\u00e7e merkezinde bulunan \u00e7ok programl\u0131 lisede tamamlad\u0131m.<\/p>\n\n\n\n<p>Tokat Gaziosmanpa\u015fa \u00dcniversitesi\u2019nde 2010 y\u0131l\u0131nda ba\u015flad\u0131\u011f\u0131 Kamu Y\u00f6netimi b\u00f6l\u00fcm\u00fcnden 2014 y\u0131l\u0131nda mezun oldum. 2015 y\u0131l\u0131nda Eski\u015fehir Anadolu \u00dcniversitesi\u2019nde Pedagojik Formasyon e\u011fitimimi tamamlad\u0131ktan sonra 2016 y\u0131l\u0131nda Milli E\u011fitim Bakanl\u0131\u011f\u0131\u2019na Adalet Alan \u00d6\u011fretmeni olarak atand\u0131m. \u0130lk g\u00f6rev yeri olan Samsun \u00c7ar\u015famba\u2019da bir y\u0131l \u00e7al\u0131\u015ft\u0131ktan sonra 2018 y\u0131l\u0131nda Tonya \u015eehit Soner Y\u0131ld\u0131r\u0131m Borsa \u0130stanbul Mesleki ve Teknik Anadolu Lisesi\u2019ne atand\u0131m.<\/p>\n\n\n\n<p>H\u00e2len bu kurumda g\u00f6rev yapmaktay\u0131m. 2022 y\u0131l\u0131nda yay\u0131mlanm\u0131\u015f \u201cBendeki \u0130zler\u201d adl\u0131 bir hik\u00e2ye kitab\u0131m ve 2023 y\u0131l\u0131nda yay\u0131mlanm\u0131\u015f \u201cBenim Hayalim Benim Masal\u0131m\u201d adl\u0131 masal kitab\u0131m vard\u0131r.<\/p>\n<\/div>\n<\/div>\n\n\n\n<div class=\"wp-block-columns is-layout-flex wp-container-core-columns-is-layout-9d6595d7 wp-block-columns-is-layout-flex\">\n<div class=\"wp-block-column is-layout-flow wp-block-column-is-layout-flow\">\n<h1 class=\"wp-block-heading\"><strong>Benim Hayalim        Benim Masal\u0131m<\/strong><\/h1>\n\n\n\n<figure class=\"wp-block-image size-full\"><img loading=\"lazy\" decoding=\"async\" width=\"720\" height=\"1024\" src=\"https:\/\/mahmutbilisim.com.tr\/wp-content\/uploads\/2026\/04\/f82675cc-7322-4082-a698-3dc0a596bd10-1-720x1024-2.jpg\" alt=\"\" class=\"wp-image-85\" srcset=\"https:\/\/mahmutbilisim.com.tr\/wp-content\/uploads\/2026\/04\/f82675cc-7322-4082-a698-3dc0a596bd10-1-720x1024-2.jpg 720w, https:\/\/mahmutbilisim.com.tr\/wp-content\/uploads\/2026\/04\/f82675cc-7322-4082-a698-3dc0a596bd10-1-720x1024-2-211x300.jpg 211w\" sizes=\"auto, (max-width: 720px) 100vw, 720px\" \/><\/figure>\n\n\n\n<hr class=\"wp-block-separator has-alpha-channel-opacity\"\/>\n\n\n<div class=\"wp-block-image\">\n<figure class=\"aligncenter size-full is-resized\"><img loading=\"lazy\" decoding=\"async\" width=\"287\" height=\"35\" src=\"https:\/\/mahmutbilisim.com.tr\/wp-content\/uploads\/2026\/04\/Ekran-Alintisi.png\" alt=\"\" class=\"wp-image-87\" style=\"width:377px;height:auto\"\/><\/figure>\n<\/div><\/div>\n\n\n\n<div class=\"wp-block-column is-layout-flow wp-block-column-is-layout-flow\">\n<h1 class=\"wp-block-heading\"><strong>Bendeki \u0130zler<\/strong><\/h1>\n\n\n\n<figure class=\"wp-block-image size-full\"><img loading=\"lazy\" decoding=\"async\" width=\"665\" height=\"1024\" src=\"https:\/\/mahmutbilisim.com.tr\/wp-content\/uploads\/2026\/04\/f4effb55-2323-4b66-a40b-29809ed789a7-1-665x1024-1.jpg\" alt=\"\" class=\"wp-image-89\" srcset=\"https:\/\/mahmutbilisim.com.tr\/wp-content\/uploads\/2026\/04\/f4effb55-2323-4b66-a40b-29809ed789a7-1-665x1024-1.jpg 665w, https:\/\/mahmutbilisim.com.tr\/wp-content\/uploads\/2026\/04\/f4effb55-2323-4b66-a40b-29809ed789a7-1-665x1024-1-195x300.jpg 195w\" sizes=\"auto, (max-width: 665px) 100vw, 665px\" \/><\/figure>\n\n\n\n<hr class=\"wp-block-separator has-alpha-channel-opacity\"\/>\n\n\n<div class=\"wp-block-image\">\n<figure class=\"aligncenter size-full is-resized\"><img loading=\"lazy\" decoding=\"async\" width=\"287\" height=\"35\" src=\"https:\/\/mahmutbilisim.com.tr\/wp-content\/uploads\/2026\/04\/Ekran-Alintisi.png\" alt=\"\" class=\"wp-image-87\" style=\"width:377px;height:auto\"\/><\/figure>\n<\/div><\/div>\n<\/div>\n\n\n\n<figure class=\"wp-block-image size-full is-resized\"><img loading=\"lazy\" decoding=\"async\" width=\"721\" height=\"256\" src=\"https:\/\/mahmutbilisim.com.tr\/wp-content\/uploads\/2026\/04\/34234324.png\" alt=\"\" class=\"wp-image-91\" style=\"width:840px;height:auto\" srcset=\"https:\/\/mahmutbilisim.com.tr\/wp-content\/uploads\/2026\/04\/34234324.png 721w, https:\/\/mahmutbilisim.com.tr\/wp-content\/uploads\/2026\/04\/34234324-300x107.png 300w\" sizes=\"auto, (max-width: 721px) 100vw, 721px\" \/><\/figure>\n","protected":false},"excerpt":{"rendered":"<p>01.05.1990 tarihinde Trabzon ilinin \u015ealpazar\u0131 il\u00e7esinde do\u011fdum. \u0130lk ve orta\u00f6\u011frenimini \u015ealpazar\u0131 il\u00e7esi Tezderesi Mahallesi\u2019nde bulunan k\u00f6y okulunda; lise \u00f6\u011frenimimi \u015ealpazar\u0131 il\u00e7e merkezinde bulunan \u00e7ok programl\u0131 lisede tamamlad\u0131m. Tokat Gaziosmanpa\u015fa \u00dcniversitesi\u2019nde 2010 y\u0131l\u0131nda ba\u015flad\u0131\u011f\u0131 Kamu Y\u00f6netimi b\u00f6l\u00fcm\u00fcnden 2014 y\u0131l\u0131nda mezun oldum. 2015 y\u0131l\u0131nda Eski\u015fehir Anadolu \u00dcniversitesi\u2019nde Pedagojik Formasyon e\u011fitimimi tamamlad\u0131ktan sonra 2016 y\u0131l\u0131nda Milli E\u011fitim Bakanl\u0131\u011f\u0131\u2019na [&hellip;]<\/p>\n","protected":false},"author":1,"featured_media":0,"parent":0,"menu_order":0,"comment_status":"closed","ping_status":"closed","template":"","meta":{"footnotes":""},"class_list":["post-24","page","type-page","status-publish","hentry"],"_links":{"self":[{"href":"https:\/\/mahmutbilisim.com.tr\/index.php?rest_route=\/wp\/v2\/pages\/24","targetHints":{"allow":["GET"]}}],"collection":[{"href":"https:\/\/mahmutbilisim.com.tr\/index.php?rest_route=\/wp\/v2\/pages"}],"about":[{"href":"https:\/\/mahmutbilisim.com.tr\/index.php?rest_route=\/wp\/v2\/types\/page"}],"author":[{"embeddable":true,"href":"https:\/\/mahmutbilisim.com.tr\/index.php?rest_route=\/wp\/v2\/users\/1"}],"replies":[{"embeddable":true,"href":"https:\/\/mahmutbilisim.com.tr\/index.php?rest_route=%2Fwp%2Fv2%2Fcomments&post=24"}],"version-history":[{"count":7,"href":"https:\/\/mahmutbilisim.com.tr\/index.php?rest_route=\/wp\/v2\/pages\/24\/revisions"}],"predecessor-version":[{"id":92,"href":"https:\/\/mahmutbilisim.com.tr\/index.php?rest_route=\/wp\/v2\/pages\/24\/revisions\/92"}],"wp:attachment":[{"href":"https:\/\/mahmutbilisim.com.tr\/index.php?rest_route=%2Fwp%2Fv2%2Fmedia&parent=24"}],"curies":[{"name":"wp","href":"https:\/\/api.w.org\/{rel}","templated":true}]}}